{"id":1853,"date":"2024-04-16T00:34:42","date_gmt":"2024-04-16T00:34:42","guid":{"rendered":"https:\/\/patagoniamedia.ar\/?page_id=1853"},"modified":"2024-04-16T00:51:34","modified_gmt":"2024-04-16T00:51:34","slug":"whatsapp","status":"publish","type":"page","link":"https:\/\/patagoniamedia.ar\/index.php\/whatsapp\/","title":{"rendered":"Whatsapp"},"content":{"rendered":"\t\t<div data-elementor-type=\"wp-page\" data-elementor-id=\"1853\" class=\"elementor elementor-1853\">\n\t\t\t\t\t\t<section class=\"elementor-section elementor-top-section elementor-element elementor-element-e347265 elementor-section-height-min-height elementor-section-boxed elementor-section-height-default elementor-section-items-middle\" data-id=\"e347265\" data-element_type=\"section\" data-e-type=\"section\" data-settings=\"{&quot;background_background&quot;:&quot;video&quot;,&quot;background_video_link&quot;:&quot;https:\\\/\\\/www.youtube.com\\\/watch?v=Hgg7M3kSqyE&quot;,&quot;background_play_on_mobile&quot;:&quot;yes&quot;}\">\n\t\t\t\t\t\t\t\t<div class=\"elementor-background-video-container\">\n\t\t\t\t\t\t\t\t\t\t\t\t\t<div class=\"elementor-background-video-embed\" role=\"presentation\"><\/div>\n\t\t\t\t\t\t\t\t\t\t\t\t<\/div>\n\t\t\t\t\t\t\t\t\t<div class=\"elementor-background-overlay\"><\/div>\n\t\t\t\t\t\t\t<div class=\"elementor-container elementor-column-gap-no\">\n\t\t\t\t\t<div class=\"elementor-column elementor-col-100 elementor-top-column elementor-element elementor-element-f6ba31d\" data-id=\"f6ba31d\" data-element_type=\"column\" data-e-type=\"column\">\n\t\t\t<div class=\"elementor-widget-wrap elementor-element-populated\">\n\t\t\t\t\t\t<section class=\"elementor-section elementor-inner-section elementor-element elementor-element-155cbfc elementor-section-boxed elementor-section-height-default elementor-section-height-default\" data-id=\"155cbfc\" data-element_type=\"section\" data-e-type=\"section\">\n\t\t\t\t\t\t<div class=\"elementor-container elementor-column-gap-default\">\n\t\t\t\t\t<div class=\"elementor-column elementor-col-100 elementor-inner-column elementor-element elementor-element-3f0efc3\" data-id=\"3f0efc3\" data-element_type=\"column\" data-e-type=\"column\">\n\t\t\t<div class=\"elementor-widget-wrap elementor-element-populated\">\n\t\t\t\t\t\t<div class=\"elementor-element elementor-element-11301e6 animated-slow elementor-invisible elementor-widget elementor-widget-cimol-title\" data-id=\"11301e6\" data-element_type=\"widget\" data-e-type=\"widget\" data-settings=\"{&quot;_animation&quot;:&quot;zoomIn&quot;,&quot;_animation_delay&quot;:200}\" data-widget_type=\"cimol-title.default\">\n\t\t\t\t<div class=\"elementor-widget-container\">\n\t\t\t\t\t<h2 class=\"content-title\">WHATSAPP   M K T<span><\/span><\/h2>\t\t\t\t<\/div>\n\t\t\t\t<\/div>\n\t\t\t\t\t<\/div>\n\t\t<\/div>\n\t\t\t\t\t<\/div>\n\t\t<\/section>\n\t\t\t\t\t<\/div>\n\t\t<\/div>\n\t\t\t\t\t<\/div>\n\t\t<\/section>\n\t\t\t\t<section class=\"elementor-section elementor-top-section elementor-element elementor-element-6e7bec1 elementor-section-boxed elementor-section-height-default elementor-section-height-default\" data-id=\"6e7bec1\" data-element_type=\"section\" data-e-type=\"section\">\n\t\t\t\t\t\t<div class=\"elementor-container elementor-column-gap-default\">\n\t\t\t\t\t<div class=\"elementor-column elementor-col-50 elementor-top-column elementor-element elementor-element-c212c9a\" data-id=\"c212c9a\" data-element_type=\"column\" data-e-type=\"column\">\n\t\t\t<div class=\"elementor-widget-wrap elementor-element-populated\">\n\t\t\t\t\t\t<div class=\"elementor-element elementor-element-1edfa3b elementor-invisible elementor-widget elementor-widget-image\" data-id=\"1edfa3b\" data-element_type=\"widget\" data-e-type=\"widget\" data-settings=\"{&quot;_animation&quot;:&quot;fadeInUp&quot;}\" data-widget_type=\"image.default\">\n\t\t\t\t<div class=\"elementor-widget-container\">\n\t\t\t\t\t\t\t\t\t\t\t\t\t\t\t<img fetchpriority=\"high\" decoding=\"async\" width=\"626\" height=\"470\" src=\"https:\/\/patagoniamedia.ar\/wp-content\/uploads\/2024\/04\/Cuadro6.jpg\" class=\"attachment-large size-large wp-image-1858\" alt=\"\" srcset=\"https:\/\/patagoniamedia.ar\/wp-content\/uploads\/2024\/04\/Cuadro6.jpg 626w, https:\/\/patagoniamedia.ar\/wp-content\/uploads\/2024\/04\/Cuadro6-300x225.jpg 300w\" sizes=\"(max-width: 626px) 100vw, 626px\" \/>\t\t\t\t\t\t\t\t\t\t\t\t\t\t\t<\/div>\n\t\t\t\t<\/div>\n\t\t\t\t\t<\/div>\n\t\t<\/div>\n\t\t\t\t<div class=\"elementor-column elementor-col-50 elementor-top-column elementor-element elementor-element-5e57e27\" data-id=\"5e57e27\" data-element_type=\"column\" data-e-type=\"column\">\n\t\t\t<div class=\"elementor-widget-wrap elementor-element-populated\">\n\t\t\t\t\t\t<div class=\"elementor-element elementor-element-3abe3d6 elementor-widget elementor-widget-text-editor\" data-id=\"3abe3d6\" data-element_type=\"widget\" data-e-type=\"widget\" data-widget_type=\"text-editor.default\">\n\t\t\t\t<div class=\"elementor-widget-container\">\n\t\t\t\t\t\t\t\t\t<p>En Patagoniamedia entendemos el poder de la mensajer\u00eda directa, por eso ofrecemos un programa excepcional para enviar mensajes masivos por WhatsApp. Nuestra plataforma est\u00e1 dise\u00f1ada para optimizar sus esfuerzos de marketing y comunicaci\u00f3n, permiti\u00e9ndole llegar a una amplia audiencia al instante.<br \/><br \/>Nuestro servicio de \u00faltima generaci\u00f3n para enviar por WhatsApp garantiza que su mensaje d\u00e9 en el blanco en todo momento. Ya sea que est\u00e9s lanzando un nuevo producto, anunciando una oferta o simplemente manteni\u00e9ndote en contacto con tu base de clientes, nuestro servicio de mensajes masivos de WhatsApp es la herramienta perfecta. Es f\u00e1cil de usar, eficiente y potente.<br \/><br \/>Al comprender la necesidad de soluciones rentables, hemos fijado un precio competitivo para nuestro software de marketing de WhatsApp. Creemos en proporcionar valor sin comprometer la calidad. El precio de nuestro software de marketing de WhatsApp refleja nuestro compromiso con la accesibilidad y la excelencia.<br \/><br \/>Con Patagoniamedia a tu lado, enviar mensajes masivos de WhatsApp no se trata solo de cantidad sino tambi\u00e9n de la calidad de las conexiones que establezcas. Nuestro software est\u00e1 dise\u00f1ado para garantizar que sus mensajes se entreguen con prontitud y se adapten para satisfacer las necesidades de su p\u00fablico objetivo.<\/p>\t\t\t\t\t\t\t\t<\/div>\n\t\t\t\t<\/div>\n\t\t\t\t\t<\/div>\n\t\t<\/div>\n\t\t\t\t\t<\/div>\n\t\t<\/section>\n\t\t\t\t<section class=\"elementor-section elementor-top-section elementor-element elementor-element-6cef51f elementor-section-boxed elementor-section-height-default elementor-section-height-default\" data-id=\"6cef51f\" data-element_type=\"section\" data-e-type=\"section\">\n\t\t\t\t\t\t\t<div class=\"elementor-background-overlay\"><\/div>\n\t\t\t\t\t\t\t<div class=\"elementor-container elementor-column-gap-default\">\n\t\t\t\t\t<div class=\"elementor-column elementor-col-50 elementor-top-column elementor-element elementor-element-d5614a9\" data-id=\"d5614a9\" data-element_type=\"column\" data-e-type=\"column\">\n\t\t\t<div class=\"elementor-widget-wrap elementor-element-populated\">\n\t\t\t\t\t\t<div class=\"elementor-element elementor-element-46c149d elementor-widget elementor-widget-text-editor\" data-id=\"46c149d\" data-element_type=\"widget\" data-e-type=\"widget\" data-widget_type=\"text-editor.default\">\n\t\t\t\t<div class=\"elementor-widget-container\">\n\t\t\t\t\t\t\t\t\t<h6>BASES PROPIAS<\/h6><h6>ENV\u00cdO A SUS CLIENTES<\/h6>\t\t\t\t\t\t\t\t<\/div>\n\t\t\t\t<\/div>\n\t\t\t\t\t<\/div>\n\t\t<\/div>\n\t\t\t\t<div class=\"elementor-column elementor-col-50 elementor-top-column elementor-element elementor-element-14638fd\" data-id=\"14638fd\" data-element_type=\"column\" data-e-type=\"column\">\n\t\t\t<div class=\"elementor-widget-wrap elementor-element-populated\">\n\t\t\t\t\t\t<div class=\"elementor-element elementor-element-b7cdaef elementor-button-warning elementor-widget elementor-widget-button\" data-id=\"b7cdaef\" data-element_type=\"widget\" data-e-type=\"widget\" data-widget_type=\"button.default\">\n\t\t\t\t<div class=\"elementor-widget-container\">\n\t\t\t\t\t\t\t\t\t<div class=\"elementor-button-wrapper\">\n\t\t\t\t\t<a class=\"elementor-button elementor-button-link elementor-size-lg\" href=\"https:\/\/patagoniamedia.ar\/index.php\/contacto\/\">\n\t\t\t\t\t\t<span class=\"elementor-button-content-wrapper\">\n\t\t\t\t\t\t\t\t\t<span class=\"elementor-button-text\">CONTRATAR<\/span>\n\t\t\t\t\t<\/span>\n\t\t\t\t\t<\/a>\n\t\t\t\t<\/div>\n\t\t\t\t\t\t\t\t<\/div>\n\t\t\t\t<\/div>\n\t\t\t\t\t<\/div>\n\t\t<\/div>\n\t\t\t\t\t<\/div>\n\t\t<\/section>\n\t\t\t\t<\/div>\n\t\t   ","protected":false},"excerpt":{"rendered":"<p>WHATSAPP M K T En Patagoniamedia entendemos el poder de la mensajer\u00eda directa, por eso ofrecemos un programa excepcional para enviar mensajes masivos por WhatsApp. Nuestra plataforma est\u00e1 dise\u00f1ada para optimizar sus esfuerzos de marketing y comunicaci\u00f3n, permiti\u00e9ndole llegar a una amplia audiencia al instante. Nuestro servicio de \u00faltima generaci\u00f3n para enviar por WhatsApp garantiza que su mensaje d\u00e9 en &hellip;<\/p>\n","protected":false},"author":1,"featured_media":0,"parent":0,"menu_order":0,"comment_status":"closed","ping_status":"closed","template":"blank-builder.php","meta":{"om_disable_all_campaigns":false,"_monsterinsights_skip_tracking":false,"_monsterinsights_sitenote_active":false,"_monsterinsights_sitenote_note":"","_monsterinsights_sitenote_category":0,"footnotes":""},"class_list":["post-1853","page","type-page","status-publish","hentry"],"_links":{"self":[{"href":"https:\/\/patagoniamedia.ar\/index.php\/wp-json\/wp\/v2\/pages\/1853","targetHints":{"allow":["GET"]}}],"collection":[{"href":"https:\/\/patagoniamedia.ar\/index.php\/wp-json\/wp\/v2\/pages"}],"about":[{"href":"https:\/\/patagoniamedia.ar\/index.php\/wp-json\/wp\/v2\/types\/page"}],"author":[{"embeddable":true,"href":"https:\/\/patagoniamedia.ar\/index.php\/wp-json\/wp\/v2\/users\/1"}],"replies":[{"embeddable":true,"href":"https:\/\/patagoniamedia.ar\/index.php\/wp-json\/wp\/v2\/comments?post=1853"}],"version-history":[{"count":10,"href":"https:\/\/patagoniamedia.ar\/index.php\/wp-json\/wp\/v2\/pages\/1853\/revisions"}],"predecessor-version":[{"id":1873,"href":"https:\/\/patagoniamedia.ar\/index.php\/wp-json\/wp\/v2\/pages\/1853\/revisions\/1873"}],"wp:attachment":[{"href":"https:\/\/patagoniamedia.ar\/index.php\/wp-json\/wp\/v2\/media?parent=1853"}],"curies":[{"name":"wp","href":"https:\/\/api.w.org\/{rel}","templated":true}]}}